[INFO] cloning repository https://github.com/jagu-sayan/docker-owl
[INFO] running `Command { std: "git" "-c" "credential.helper=" "-c" "credential.helper=/workspace/cargo-home/bin/git-credential-null" "clone" "--bare" "https://github.com/jagu-sayan/docker-owl" "/workspace/cache/git-repos/https%3A%2F%2Fgithub.com%2Fjagu-sayan%2Fdocker-owl", kill_on_drop: false }`
[INFO] [stderr] Cloning into bare repository '/workspace/cache/git-repos/https%3A%2F%2Fgithub.com%2Fjagu-sayan%2Fdocker-owl'...
[INFO] running `Command { std: "git" "rev-parse" "HEAD", kill_on_drop: false }`
[INFO] [stdout] fda0783d086c514f5737aa340cbebe827b909b30
[INFO] checking jagu-sayan/docker-owl against master#cfbc6d4cf1acbac5c025acf8ed68929caa551df3 for pr-75494-beta
[INFO] running `Command { std: "git" "clone" "/workspace/cache/git-repos/https%3A%2F%2Fgithub.com%2Fjagu-sayan%2Fdocker-owl" "/workspace/builds/worker-5/source", kill_on_drop: false }`
[INFO] [stderr] Cloning into '/workspace/builds/worker-5/source'...
[INFO] [stderr] done.
[INFO] validating manifest of git repo https://github.com/jagu-sayan/docker-owl on toolchain cfbc6d4cf1acbac5c025acf8ed68929caa551df3
[INFO] running `Command { std: "/workspace/cargo-home/bin/cargo" "+cfbc6d4cf1acbac5c025acf8ed68929caa551df3" "read-manifest" "--manifest-path" "Cargo.toml", kill_on_drop: false }`
[INFO] started tweaking git repo https://github.com/jagu-sayan/docker-owl
[INFO] finished tweaking git repo https://github.com/jagu-sayan/docker-owl
[INFO] tweaked toml for git repo https://github.com/jagu-sayan/docker-owl written to /workspace/builds/worker-5/source/Cargo.toml
[INFO] crate git repo https://github.com/jagu-sayan/docker-owl already has a lockfile, it will not be regenerated
[INFO] running `Command { std: "/workspace/cargo-home/bin/cargo" "+cfbc6d4cf1acbac5c025acf8ed68929caa551df3" "fetch" "--locked" "--manifest-path" "Cargo.toml", kill_on_drop: false }`
[INFO] [stderr]     Updating git repository `https://github.com/janderholm/acme-client`
[INFO] [stderr]  Downloading crates ...
[INFO] [stderr]   Downloaded futures-select-macro-preview v0.3.0-alpha.12
[INFO] [stderr]   Downloaded futures-executor-preview v0.3.0-alpha.12
[INFO] [stderr]   Downloaded futures-sink-preview v0.3.0-alpha.12
[INFO] [stderr]   Downloaded proc-macro-nested v0.1.2
[INFO] [stderr]   Downloaded docopt v1.0.2
[INFO] [stderr]   Downloaded futures-preview v0.3.0-alpha.12
[INFO] [stderr]   Downloaded serde_derive v1.0.87
[INFO] [stderr]   Downloaded pest v2.1.0
[INFO] [stderr]   Downloaded serde v1.0.87
[INFO] [stderr]   Downloaded tokio-fs v0.1.5
[INFO] [stderr]   Downloaded futures-util-preview v0.3.0-alpha.12
[INFO] [stderr]   Downloaded linked_hash_set v0.1.3
[INFO] [stderr]   Downloaded hyper v0.12.23
[INFO] [stderr]   Downloaded tokio-openssl v0.2.1
[INFO] [stderr]   Downloaded tar v0.4.20
[INFO] [stderr]   Downloaded futures-channel-preview v0.3.0-alpha.12
[INFO] [stderr]   Downloaded futures-core-preview v0.3.0-alpha.12
[INFO] [stderr]   Downloaded futures-io-preview v0.3.0-alpha.12
[INFO] [stderr]   Downloaded proc-macro-hack v0.5.4
[INFO] [stderr]   Downloaded hyper-openssl v0.6.2
[INFO] [stderr]   Downloaded shiplift v0.4.0
[INFO] [stderr]   Downloaded pest_meta v2.1.0
[INFO] [stderr]   Downloaded tokio-sync v0.1.1
[INFO] [stderr]   Downloaded hyperlocal v0.6.0
[INFO] running `Command { std: "docker" "create" "-v" "/var/lib/crater-agent-workspace/builds/worker-5/target:/opt/rustwide/target:rw,Z" "-v" "/var/lib/crater-agent-workspace/builds/worker-5/source:/opt/rustwide/workdir:ro,Z" "-v" "/var/lib/crater-agent-workspace/cargo-home:/opt/rustwide/cargo-home:ro,Z" "-v" "/var/lib/crater-agent-workspace/rustup-home:/opt/rustwide/rustup-home:ro,Z" "-e" "SOURCE_DIR=/opt/rustwide/workdir" "-e" "CARGO_TARGET_DIR=/opt/rustwide/target" "-e" "CARGO_HOME=/opt/rustwide/cargo-home" "-e" "RUSTUP_HOME=/opt/rustwide/rustup-home" "-w" "/opt/rustwide/workdir" "-m" "1610612736" "--user" "0:0" "--network" "none" "rustops/crates-build-env@sha256:a636fd89d022f18117e1dc8fb37a0a009933cdbbe082814857f0e2024962d47c" "/opt/rustwide/cargo-home/bin/cargo" "+cfbc6d4cf1acbac5c025acf8ed68929caa551df3" "metadata" "--no-deps" "--format-version=1", kill_on_drop: false }`
[INFO] [stderr] WARNING: Your kernel does not support swap limit capabilities or the cgroup is not mounted. Memory limited without swap.
[INFO] [stdout] ba9d2e55cc7019e9bd1c03a0621695dc149fec0b3515cd58a2db69741a3bd4cc
[INFO] running `Command { std: "docker" "start" "-a" "ba9d2e55cc7019e9bd1c03a0621695dc149fec0b3515cd58a2db69741a3bd4cc", kill_on_drop: false }`
[INFO] running `Command { std: "docker" "inspect" "ba9d2e55cc7019e9bd1c03a0621695dc149fec0b3515cd58a2db69741a3bd4cc", kill_on_drop: false }`
[INFO] running `Command { std: "docker" "rm" "-f" "ba9d2e55cc7019e9bd1c03a0621695dc149fec0b3515cd58a2db69741a3bd4cc", kill_on_drop: false }`
[INFO] [stdout] ba9d2e55cc7019e9bd1c03a0621695dc149fec0b3515cd58a2db69741a3bd4cc
[INFO] running `Command { std: "docker" "create" "-v" "/var/lib/crater-agent-workspace/builds/worker-5/target:/opt/rustwide/target:rw,Z" "-v" "/var/lib/crater-agent-workspace/builds/worker-5/source:/opt/rustwide/workdir:ro,Z" "-v" "/var/lib/crater-agent-workspace/cargo-home:/opt/rustwide/cargo-home:ro,Z" "-v" "/var/lib/crater-agent-workspace/rustup-home:/opt/rustwide/rustup-home:ro,Z" "-e" "SOURCE_DIR=/opt/rustwide/workdir" "-e" "CARGO_TARGET_DIR=/opt/rustwide/target" "-e" "CARGO_INCREMENTAL=0" "-e" "RUST_BACKTRACE=full" "-e" "RUSTFLAGS=--cap-lints=forbid" "-e" "CARGO_HOME=/opt/rustwide/cargo-home" "-e" "RUSTUP_HOME=/opt/rustwide/rustup-home" "-w" "/opt/rustwide/workdir" "-m" "1610612736" "--user" "0:0" "--network" "none" "rustops/crates-build-env@sha256:a636fd89d022f18117e1dc8fb37a0a009933cdbbe082814857f0e2024962d47c" "/opt/rustwide/cargo-home/bin/cargo" "+cfbc6d4cf1acbac5c025acf8ed68929caa551df3" "check" "--frozen" "--all" "--all-targets" "--message-format=json", kill_on_drop: false }`
[INFO] [stdout] b2465ed6430d012ed68a0344909765791b112f6623789ed30cc6b80aad297636
[INFO] [stderr] WARNING: Your kernel does not support swap limit capabilities or the cgroup is not mounted. Memory limited without swap.
[INFO] running `Command { std: "docker" "start" "-a" "b2465ed6430d012ed68a0344909765791b112f6623789ed30cc6b80aad297636", kill_on_drop: false }`
[INFO] [stderr]     Checking cfg-if v0.1.6
[INFO] [stderr]    Compiling autocfg v0.1.2
[INFO] [stderr]     Checking lazy_static v1.2.0
[INFO] [stderr]    Compiling semver-parser v0.7.0
[INFO] [stderr]     Checking rand_core v0.4.0
[INFO] [stderr]     Checking futures v0.1.25
[INFO] [stderr]     Checking void v1.0.2
[INFO] [stderr]    Compiling byteorder v1.3.1
[INFO] [stderr]    Compiling version_check v0.1.5
[INFO] [stderr]    Compiling proc-macro2 v0.4.27
[INFO] [stderr]     Checking scopeguard v0.3.3
[INFO] [stderr]     Checking stable_deref_trait v1.1.1
[INFO] [stderr]    Compiling unicode-xid v0.1.0
[INFO] [stderr]    Compiling arrayvec v0.4.10
[INFO] [stderr]     Checking lazycell v1.2.1
[INFO] [stderr]    Compiling pkg-config v0.3.14
[INFO] [stderr]     Checking nodrop v0.1.13
[INFO] [stderr]     Checking memoffset v0.2.1
[INFO] [stderr]     Checking itoa v0.4.3
[INFO] [stderr]    Compiling serde v1.0.87
[INFO] [stderr]     Checking bitflags v1.0.4
[INFO] [stderr]     Checking fnv v1.0.6
[INFO] [stderr]    Compiling siphasher v0.2.3
[INFO] [stderr]     Checking percent-encoding v1.0.1
[INFO] [stderr]     Checking either v1.5.0
[INFO] [stderr]    Compiling crc32fast v1.1.2
[INFO] [stderr]    Compiling ryu v0.2.7
[INFO] [stderr]    Compiling native-tls v0.2.2
[INFO] [stderr]    Compiling proc-macro-nested v0.1.2
[INFO] [stderr]    Compiling num-traits v0.2.6
[INFO] [stderr]    Compiling encoding_rs v0.8.16
[INFO] [stderr]    Compiling regex v0.2.11
[INFO] [stderr]    Compiling num-integer v0.1.39
[INFO] [stderr]    Compiling maplit v1.0.1
[INFO] [stderr]    Compiling failure_derive v0.1.5
[INFO] [stderr]     Checking linked-hash-map v0.5.1
[INFO] [stderr]    Compiling hyper-openssl v0.6.2
[INFO] [stderr]     Checking pin-utils v0.1.0-alpha.4
[INFO] [stderr]     Checking adler32 v1.0.3
[INFO] [stderr]     Checking unicode-width v0.1.5
[INFO] [stderr]     Checking vec_map v0.8.1
[INFO] [stderr]     Checking ansi_term v0.11.0
[INFO] [stderr]     Checking language-tags v0.2.2
[INFO] [stderr]     Checking antidote v1.0.0
[INFO] [stderr]     Checking deunicode v0.4.3
[INFO] [stderr]     Checking hex v0.3.2
[INFO] [stderr]     Checking traitobject v0.1.0
[INFO] [stderr]     Checking glob v0.2.11
[INFO] [stderr]    Compiling backtrace-sys v0.1.28
[INFO] [stderr]    Compiling miniz-sys v0.1.11
[INFO] [stderr]     Checking log v0.4.6
[INFO] [stderr]     Checking unreachable v1.0.0
[INFO] [stderr]     Checking crossbeam-utils v0.6.5
[INFO] [stderr]     Checking thread_local v0.3.6
[INFO] [stderr]     Checking owning_ref v0.4.0
[INFO] [stderr]     Checking rand_core v0.3.1
[INFO] [stderr]     Checking rand_jitter v0.1.2
[INFO] [stderr]     Checking regex-syntax v0.6.5
[INFO] [stderr]     Checking regex-syntax v0.5.6
[INFO] [stderr]    Compiling semver v0.9.0
[INFO] [stderr]     Checking futures-core-preview v0.3.0-alpha.12
[INFO] [stderr]    Compiling unicase v1.4.2
[INFO] [stderr]    Compiling unicase v2.2.0
[INFO] [stdout] error[E0432]: unresolved import `core::task::LocalWaker`
[INFO] [stdout]  --> /opt/rustwide/cargo-home/registry/src/github.com-1ecc6299db9ec823/futures-core-preview-0.3.0-alpha.12/src/future/future_obj.rs:6:12
[INFO] [stdout]   |
[INFO] [stdout] 6 |     task::{LocalWaker, Poll},
[INFO] [stdout]   |            ^^^^^^^^^^ no `LocalWaker` in `task`
[INFO] [stdout] 
[INFO] [stdout] 
[INFO] [stdout] error[E0432]: unresolved imports `core::task::LocalWaker`, `core::task::UnsafeWake`
[INFO] [stdout]  --> /opt/rustwide/cargo-home/registry/src/github.com-1ecc6299db9ec823/futures-core-preview-0.3.0-alpha.12/src/task/mod.rs:8:35
[INFO] [stdout]   |
[INFO] [stdout] 8 | pub use core::task::{Poll, Waker, LocalWaker, UnsafeWake};
[INFO] [stdout]   |                                   ^^^^^^^^^^  ^^^^^^^^^^ no `UnsafeWake` in `task`
[INFO] [stdout]   |                                   |
[INFO] [stdout]   |                                   no `LocalWaker` in `task`
[INFO] [stdout] 
[INFO] [stdout] 
[INFO] [stdout] error[E0432]: unresolved imports `std::task::local_waker`, `std::task::local_waker_from_nonlocal`
[INFO] [stdout]   --> /opt/rustwide/cargo-home/registry/src/github.com-1ecc6299db9ec823/futures-core-preview-0.3.0-alpha.12/src/task/mod.rs:10:27
[INFO] [stdout]    |
[INFO] [stdout] 10 | pub use std::task::{Wake, local_waker, local_waker_from_nonlocal};
[INFO] [stdout]    |                           ^^^^^^^^^^^  ^^^^^^^^^^^^^^^^^^^^^^^^^ no `local_waker_from_nonlocal` in `task`
[INFO] [stdout]    |                           |
[INFO] [stdout]    |                           no `local_waker` in `task`
[INFO] [stdout] 
[INFO] [stdout] 
[INFO] [stdout] error[E0554]: `#![feature]` may not be used on the beta release channel
[INFO] [stdout]  --> /opt/rustwide/cargo-home/registry/src/github.com-1ecc6299db9ec823/futures-core-preview-0.3.0-alpha.12/src/lib.rs:3:1
[INFO] [stdout]   |
[INFO] [stdout] 3 | #![feature(futures_api)]
[INFO] [stdout]   | ^^^^^^^^^^^^^^^^^^^^^^^^
[INFO] [stdout] 
[INFO] [stdout] 
[INFO] [stdout] error[E0658]: use of unstable library feature 'wake_trait'
[INFO] [stdout]   --> /opt/rustwide/cargo-home/registry/src/github.com-1ecc6299db9ec823/futures-core-preview-0.3.0-alpha.12/src/task/mod.rs:10:21
[INFO] [stdout]    |
[INFO] [stdout] 10 | pub use std::task::{Wake, local_waker, local_waker_from_nonlocal};
[INFO] [stdout]    |                     ^^^^
[INFO] [stdout]    |
[INFO] [stdout]    = note: see issue #69912 <https://github.com/rust-lang/rust/issues/69912> for more information
[INFO] [stdout] 
[INFO] [stdout] 
[INFO] [stderr]    Compiling rand_chacha v0.1.1
[INFO] [stdout] error: aborting due to 5 previous errors
[INFO] [stdout] 
[INFO] [stdout] 
[INFO] [stdout] Some errors have detailed explanations: E0432, E0554, E0658.
[INFO] [stdout] 
[INFO] [stdout] For more information about an error, try `rustc --explain E0432`.
[INFO] [stdout] 
[INFO] [stderr] error: could not compile `futures-core-preview`.
[INFO] [stderr] 
[INFO] [stderr] To learn more, run the command again with --verbose.
[INFO] [stderr] warning: build failed, waiting for other jobs to finish...
[INFO] [stderr] error: build failed
[INFO] running `Command { std: "docker" "inspect" "b2465ed6430d012ed68a0344909765791b112f6623789ed30cc6b80aad297636", kill_on_drop: false }`
[INFO] running `Command { std: "docker" "rm" "-f" "b2465ed6430d012ed68a0344909765791b112f6623789ed30cc6b80aad297636", kill_on_drop: false }`
[INFO] [stdout] b2465ed6430d012ed68a0344909765791b112f6623789ed30cc6b80aad297636
